. Let q(r) = -c(r) - 6*p(r). What is q(7)?
-13
Suppose q + 3*a - 4 = 6, -5*q + 5*a + 10 = 0. Let x(o) = o**2 - 2*o - 1. What is x(q)?
7
Let m(x) = x**2 - 7*x + 1. Let d be (-1)/(-2) + 110/20. What is m(d)?
-5
Let z(b) = b**3 - 16*b**2 + 11*b + 61. Let k be z(15). Let v(m) = -6*m - 4 + 4 + 2*m. Give v(k).
-4
Let g(f) = -2*f + 4 - 3*f**2 - 4*f**3 + 5*f**3 - 2*f**2. Let s be (-14)/21 + ((-357)/9)/(-7). What is g(s)?
-6
Suppose -4*a - m - 19 = 13, 3*a + 2*m + 19 = 0. Let x(j) = 5*j + 36. Give x(a).
-9
Let f(q) be the second derivative of q**5/12 + q**4/24 - 9*q**2 - 9*q. Let m(w) be the first derivative of f(w). Let y(d) = -d. Let j be y(-1). What is m(j)?
6
Suppose -2*x - 10*x = -24. Let j(k) = 184*k - 10 - k**2 - 178*k + 0*k**x + 3. Determine j(5).
-2
Let y(r) be the third derivative of -r**5/60 + 7*r**4/24 - 11*r**3/6 - 60*r**2 - 4*r. Determine y(6).
-5
Suppose -5*p + 5*j = -7*p - 27, 2*p = -4*j - 24. Let h(o) = -o**3 - 5*o**2 + 4*o - 12. What is h(p)?
0
Suppose 0 = -4*s + h - 21 + 6, -4*h = -3*s - 21. Let n be (-14)/(-2) - (s + 2). Suppose 0 = -3*q + n*q + 5. Let r(c) = -9*c**3 - 2*c**2 - 2*c - 1. Give r(q).
8
Let q(u) = -1. Let z(o) = o**3 + 6*o**2 + 4*o - 1. Let y(c) = -2*q(c) + z(c). Determine y(-5).
6
Suppose z = 3*o - 7, -4 = -4*o - 4*z - 0. Let f = -140 + 144. Suppose 4 = 2*x, 14 = -o*s + f*x - 2*x. Let r(i) = i**3 + 5*i**2 - i + 6. Determine r(s).
11
Suppose 0 = 57*d - 45*d + 72. Let p(v) = 2*v - 8. Determine p(d).
-20
Let k = -494 - -503. Let h(j) = -j**3 + 8*j**2 + 12*j - 23. Calculate h(k).
4
Let h be (5/10)/(2 - 17/8). Let l(b) = -b**3 - 3*b**2 + 4*b + 1. Calculate l(h).
1
Suppose -3*x + 4*v = -0*x - 39, -2*x = -5*v - 33. Let h(u) = 5 + x*u - 5 + 3. Calculate h(-2).
-15
Let h(p) = p + 4. Let v be h(-9). Let j(b) = -b + 7. Determine j(v).
12
Suppose 13*z - 20 = 18*z. Suppose v = -0*n + n + 1, -5*v + 4 = -4*n. Let i(m) = -6*m + 1 - m**3 - 6*m**2 - 5 + v. Give i(z).
-12
Let c(r) = 2*r - 12. Let s(b) = 3*b - 13. Let q(a) = 6*c(a) - 5*s(a). Let g be q(-4). Let h(m) = m**2 - 7*m. Calculate h(g).
-10
Let y(c) = 2*c - 15. Let k(m) = 3*m - 45. Let w be k(15). Calculate y(w).
-15
Let w(v) = v**2 + v + 4. Let o(l) = l + 3. Let q be o(6). Let i = -11 + q. Let p be w(i). Let u(h) = -h**3 + 6*h**2 + 4. Calculate u(p).
4
Let l(x) = 4*x + 9. Suppose -13*j = 2*i - 11*j, -j - 12 = 5*i. Calculate l(i).
-3
Let m(t) be the first derivative of -t + 0*t**2 - 1/2*t**3 - 8. Let o(z) be the first derivative of m(z). Calculate o(-5).
15
Let z(o) = o**3 + 4*o**2 + 3*o + 3. Let v be 2 - (0 + 2) - 12. Let f be v/48 + (-11)/4. Calculate z(f).
3
Let i(z) = 5*z**3 + 12*z**2 + 6*z + 11. Let y(g) = 6*g**3 + 13*g**2 + 7*g + 12. Let o(m) = -7*i(m) + 6*y(m). Determine o(6).
-5
Let w(x) = -x**3 + 5*x**2 - 4. Let p be w(5). Suppose -6 = 9*f - 11*f. Let d(l) = -6 - 7*l + f*l + 2*l + 7. Calculate d(p).
9
Let p(k) = -6*k + 861 + 860 - 2586 + 863. Suppose 4*i + 10 + 2 = 0. Determine p(i).
16
Let c(k) = k - 23. Let s(w) = w - 44. Let i(h) = -11*c(h) + 6*s(h). Give i(-3).
4
Suppose -5*u = 13 + 22. Let v(c) = -c**3 - 8*c**2 - 8*c - 10. Determine v(u).
-3
Let k(g) = -g - 1. Let u(o) = -10*o - 1. Let f(w) = -2*k(w) + u(w). Suppose 8*s = 10*s - 2. Determine f(s).
-7
Let t(v) = -v + v**2 + 2*v**2 - 694*v**3 - 2*v + 695*v**3. Calculate t(-3).
9
Let p = -28 - -55. Let f(v) = -9*v - 12*v + 1 + 0*v + p*v. Suppose -m - 2*i = 9, -5*m - 2 = -4*i - 13. Determine f(m).
-5
Let u(t) be the first derivative of -t**2/2 - 29*t + 828. Calculate u(-8).
-21
Let o(s) = -s + 11609 - 11601 - 3*s. Calculate o(4).
-8
Let n(y) be the second derivative of y**3/6 - 4*y**2 - 349*y. Determine n(2).
-6
Let n(q) be the first derivative of 3*q - 2 + 3/2*q**2. What is n(-5)?
-12
Let g(f) = f**3 - 3*f**2 + 4*f - 2. Suppose 0 = 4*i - 0*i + 5*d - 23, -4*d + 18 = 3*i. Let m be g(i). Let w(s) = -51 - 3*s + 50 - 4*s + 6*s. Calculate w(m).
-3
Let r(s) = 5*s**2 - 2*s + 8. Let m(v) = v**2 + v - 1. Let z(i) = 4*m(i) - r(i). Let x(w) be the first derivative of z(w). What is x(7)?
-8
Suppose 5*z - 3*h + 0*h - 82 = 0, -3*h + 3 = 0. Suppose -7*j = 38 - z. Let u(b) be the second derivative of -b**4/12 - b**3/2 - 2*b**2 + 2*b. Determine u(j).
-4
Suppose 5*w - 28 = -8. Suppose 0 = -w*z - 2 - 2. Let d(s) = -s. Give d(z).
1
Let a(t) = -t**2 - 8*t - 7. Let n = 201 + -206. Give a(n).
8
Let c(b) = b + 6. Suppose 8*v - s + 2 = 3*v, -4 = 3*v - 2*s. Let a be c(v). Let o(p) = 5 - a*p + 4*p - 7. Determine o(-5).
8
Let j(b) = -52*b + 17. Let w(t) = -142*t + 50. Let f(h) = -11*j(h) + 4*w(h). Give f(9).
49
Suppose 2*n - 4*f = -9*f + 16, 2*n + 20 = 4*f. Let a(o) be the second derivative of -7/6*o**3 + 1/2*o**2 + 2*o + 0. Calculate a(n).
15
Suppose 0 = -9*w + 11*w + 2. Let n(g) = 11*g**3 - 2*g**2 + 1. Give n(w).
-12
Let y(j) = 5*j**2. Suppose 4*u + 31 = -17. Let i = u + 13. Suppose 0 = -2*d + 3*d - i. Calculate y(d).
5
Let y(o) = 7*o + 16*o + 11*o**2 - 21*o - 1. Let n = -2 - 1. Let r = n + 4. Determine y(r).
12
Let o be (11/1)/(2*1/2). Suppose g = -3*g + 5*d - 17, 3*d - o = 2*g. Let i(z) = 3*z**2 - 2*z + 1. Determine i(g).
9
Let y(g) = g + 8. Let c(x) = x**3 - 3*x**2 - 2*x - 8. Suppose 34 = 2*j + 4*b + 10, -4*j + 4*b = 0. Let t be c(j). Determine y(t).
8
Let s(t) = -t. Suppose 0*w = -2*w + 3*b - 83, -3*w = 5*b + 77. Let m = w + 34. Determine s(m).
0
Let z(y) = -2*y**2 + 1110739 - 13*y - 1110739. Give z(-6).
6
Let r(j) = 7*j. Let t(g) = 2*g**2 + 12*g - 56. Let k be t(-9). Give r(k).
-14
Let i = 15 + -15. Suppose -6 = -k + 3*s, -15 = 5*s - i*s. Let h(x) = x**3 + 2*x**2 - x + 4. Determine h(k).
-2
Suppose -3*v = u + 4, 0 = -4*u - 0*v - 4*v. Let w(y) = u + 10*y - 3*y - 3*y. What is w(2)?
10
Let g(u) be the second derivative of 19*u**3/6 + 38*u**2 - 2*u - 441. Calculate g(-4).
0
Let h(l) be the second derivative of -l**4/12 + l**3/6 + 3*l**2 + 64*l. What is h(0)?
6
Let l(m) be the second derivative of -1/2*m**3 + 2*m**2 + 6*m - 5/12*m**4 + 1/20*m**5 + 0. Determine l(5).
-11
Let a(u) = -3*u**2 + u + 2. Let d(o) = 8*o**2 - 4*o - 5. Let z(l) = 11*a(l) + 4*d(l). Let p be -2*(4/2)/((-52)/(-65)). Calculate z(p).
2
Let y(m) = m**2 + 8*m - 5. Let o = -30 - -32. Suppose -o*p + p = 8. Calculate y(p).
-5
Let o(r) = 3*r**2 - r - 4*r**2 + 2*r**3 + 0*r**2. Let w be (5 - 5)*(-3)/(-6). Suppose w = 90*m - 85*m + 5. Calculate o(m).
-2
Let p(c) = c**2 - 4*c + 3. Let r(o) = -2*o + 2. Let y be r(-2). Let w be (-6*(-3)/y)/((-9)/(-12)). Give p(w).
3
Suppose -15 = -2*t - 23. Let x(b) = -2*b - 2. Let q(m) = -4*m - 2. Let g(y) = t*q(y) + 7*x(y). What is g(3)?
0
Suppose 2*y = 3*p - 90, -5*y - 5*p - 90 - 160 = 0. Let d = y + 41. Let v(u) = u + 8. What is v(d)?
1
Let s(h) = h**3 - 6*h**2 - 9*h + 20. Let b be s(7). Let i = b + 2. Let p(g) = -g**2 + 9*g - 4. What is p(i)?
4
Let k = -11 - -16. Suppose -2*s + 3*t = s, k = -5*t. Let c(w) = 4*w**2 + 3*w**2 - 2*w + w. Determine c(s).
8
Let p be (6/(-5))/(30/75). Let f(g) be the first derivative of -g**4/4 - 4*g**3/3 + 2*g + 1. Give f(p).
-7
Let l(p) = 8 - 4 - 3 + 6*p - 3 + p**2 + 8. Calculate l(-6).
6
Let i(w) = w**3 - w**2 + 3*w + 1. Let h be i(0). Suppose -h = 11*o - 10*o. Let m(j) = 10*j + 1. Determine m(o).
-9
Let r(a) be the second derivative of -5*a**4/12 - a**3/2 + a. Let x(f) = 10*f**3 - 61*f**2 + 7*f - 8. Let u be x(6). Determine r(u).
-14
Suppose 7 = 3*p - p + c, 5*p - 13 = -4*c. Suppose -p*l = -0 - 10. Let w(n) be the second derivative of -n**4/12 + n**3/6 + n**2 - n. Determine w(l).
0
Suppose 2*k - 5*i + 4*i = -107, i = -5. Let a be (-49)/k + 2/16. Let v(p) = 10*p + 1. What is v(a)?
11
Let x be 4/(-18)*(-11394)/844. Let h(p) be the third derivative of p**4/24 - 5*p**3/6 - p**2. Give h(x).
-2
Let q(m) = -m**2 + 1. Let g(t) = -t**3 - 2*t**2 + 8. Let f(u) = g(u) - q(u). Calculate f(0).
7
Suppose -345 = 4*v - 3*j, -3*v - j - 261 = -4*j. Let g = 86 + v. Let y(p) be the second derivative of -p**5/20 + p**4/4 - 2*p**3/3 + p**2 - 2*p. Give y(g).
-2
Let d(a) = -3*a - 3. Let s(c) = 11*c + 5. Let b(f) = 2*d(f) + s(f). Calculate b(4).
19
Let d = 0 + 6. Let s(g) = -4 + d*g - g**2 + 0*g - 3*g + 6*g. Let r(x) = x**2 + 9*x + 24. Let o be r(-6). Calculate s(o).
14
Suppose 9*g - 15 = 4*g. Let h be g/(12/(-16)) + 5. Let q(n) = -11*n**3. Give q(h).
-11
Let q(g) = -g + 3. Let b(a) = a - 1. Let o(w) = 2*b(w) + q(w). Let z(j) = -4*j - 396 -